 - (-3 + 1)) + 42 + -40?
-9
Calculate 9 + -4 + (-13 - -5).
-3
Calculate -1 + -3 + 11 - 6.
1
What is the value of 0 + 5 + 1 + -2 + -1?
3
What is the value of 12 + 5 + -11 + 4 + -5?
5
What is the value of -6 + ((-9 - -5) + 4 - -5)?
-1
What is the value of -3 - ((-1 - 0) + (40 - 34))?
-8
Evaluate 13 - 4 - (-2 + (2 - -5)).
4
-3 + 2 + 3 - 3 - -5
4
What is 8 - (12 - (-3 + 12))?
5
Evaluate -7 - (1 + -1 + (-8 - -5)).
-4
What is -13 + (12 - (9 + -2))?
-8
Calculate 2 + -3 + 3 + 0.
2
What is the value of -1 + (3 - (2 - 2))?
2
What is the value of 4 - ((1 - (2 - 4)) + 2)?
-1
Evaluate -4 - (-11 + 26 + -9).
-10
-5 + 1 - (-5 - -3)
-2
What is -6 - -6 - (-2 + 6)?
-4
-15 + 20 + -11 - (4 + -16)
6
What is 2 + (8 - (3 + 6)) + -1?
0
What is the value of -17 + 9 + -2 - -6?
-4
What is the value of 2 + 4 + -5 - 9?
-8
Evaluate 6 + (-2 - (7 - 3) - -2).
2
-2 + -2 + 6 + (14 - 15)
1
What is 1 + -6 + 4 + (0 - 0)?
-1
Calculate -3 - 1 - (-14 + 13).
-3
What is the value of (-50 - -47) + (2 - 5)?
-6
-4 + -1 + (6 - 6) + -3
-8
Evaluate (-1 - (-3 - 5)) + -5.
2
(1 - 10) + 5 + (-7 - -9)
-2
-1 + 1 + 5 - -1
6
What is the value of (22 - 21) + -2 + 1?
0
(0 - (19 - 10)) + 6
-3
What is the value of -5 - (-3 + -4 + 4)?
-2
Evaluate -6 + -12 - -9 - -8.
-1
-6 - (-11 - -1) - 8
-4
-2 + 2 + (-7 - -3) + 5
1
What is the value of (11 - 2) + (-22 - -18)?
5
6 + 13 + -10 + -6
3
Calculate 16 - (5 + 4 + -4 + 2).
9
What is 1 - 6 - (2 + -8)?
1
What is the value of (6 - 7) + -6 + 4?
-3
Calculate (-4 + -2 - -8) + (0 - -1).
3
Evaluate (2 - 2 - -1) + -6.
-5
What is 7 + (5 - 10) + (-4 - -9)?
7
Evaluate -1 + -4 + 2 - (2 - 4).
-1
What is 3 - (2 + -2 + 1)?
2
Calculate (-1 - -2) + 1 + -2 + 5.
5
What is the value of 8 + -14 + 2 + -1?
-5
Evaluate 6 + 2 + -23 + 8.
-7
What is -1 + -5 - (31 - 34)?
-3
Evaluate 7 - (-2 + 6) - (-1 - 1).
5
What is the value of (-2 - (4 + -2)) + 0?
-4
What is -5 - (2 - 8) - (1 - 5)?
5
What is the value of -1 + (0 - 3) + 1?
-3
Evaluate 7 + -33 + 28 + (0 - -2).
4
What is the value of -2 - -3 - -3 - (4 + 0)?
0
Calculate 40 + -35 + (-8 - 1) - -2.
-2
6 - 0 - (3 - (2 - 2))
3
What is 1 + 18 - (-70 + 80)?
9
What is the value of (-9 - (2 - 0)) + 12?
1
Evaluate 3 - (-6 - (1 - 4)) - 2.
4
-2 - (-1 + 0 + 2) - -2
-1
Calculate 10 + -15 + (9 - 3).
1
Calculate 4 + 1 + -6 + 4.
3
What is the value of 280 + -278 - (1 - -5)?
-4
Evaluate -12 - (-15 + 7 + -1).
-3
Calculate -6 - (6 + (-3 - 4)).
-5
What is the value of -22 - (10 + -38 - -14)?
-8
-2 + -1 + 9 + -2
4
What is the value of -2 + (2 - (-2 + 3 - -1))?
-2
What is 2 - (11 + -2 + -5)?
-2
Evaluate -2 + 4 + (-4 - -4).
2
What is the value of -10 + (-2 + -2 - -9)?
-5
What is -3 - (-8 - ((-2 - -3) + -2))?
4
(-2 - -5) + -6 + 0 + -2
-5
What is 7 + -5 + -9 + 2?
-5
What is the value of (9 + (-9 - -5) - 7) + -8?
-10
Evaluate 0 - -1 - (-13 - (-18 - -7)).
3
What is -3 + (2 + 1 - 5) + 2?
-3
Evaluate -1 + -1 + -9 + 15.
4
What is the value of 4 + -12 + 5 - 4?
-7
What is the value of 3 + 1 + (-7 - -3) - -4?
4
What is -2 - -1 - (3 + -5 + -6)?
7
What is -11 + 7 - (-14 + 2) - 8?
0
What is the value of -9 + (4 - -3) + 3 + -2?
-1
Evaluate 0 + 0 + (-1 - 10 - -13).
2
Calculate (102 - 99) + (0 - -2 - 9).
-4
Calculate 4 + -1 + (-5 - 1).
-3
What is 6 + (-7 - 3) - (1 + 0)?
-5
What is 0 - (-26 + 28 - (1 - -1))?
0
Calculate -2 - -4 - (10 + (-1 - 2)).
-5
(0 - -5) + (15 - 20)
0
Evaluate 2 + -2 + -1 + 0.
-1
What is the value of 0 + -5 - (8 - 12)?
-1
-312 + 299 - (0 - 9)
-4
What is -8 - (4 - (-3 + 4 + 0))?
-11
What is the value of -4 + (-2 - -5 - -3)?
2
Calculate -1 + 9 + (-6 - -1).
3
Calculate -30 + 23 + 4 + 0.
-3
What is -42 + 41 + (-1 - -7)?
5
Calculate -5 + 4 + 16 + -9.
6
What is 8 - (-5 - (6 - 15))?
4
-7 + 4 - (-3 + 5)
-5
Calculate 7 + (3 - (-5 - -5)) + -17.
-7
What is (0 - (6 + (-3 - 0))) + 8?
5
What is (7 - 4) + -2 + -3 + 3?
1
Evaluate -2 + -2 + 2 - 0.
-2
Calculate -1 + 6 - (5 - -4).
-4
-7 + (0 - -4) + 1
-2
What is the value of (-75 - -65) + (6 - 0)?
-4
Calculate 1 + -8 + 4 - (1 + -1).
-3
Calculate (4 - 4) + -1 - -3.
2
Calculate 14 + -8 - ((-5 - -3) + 1).
7
What is -3 + 0 - (-3 - -1)?
-1
1 - -10 - (-98 + 105)
4
What is -4 + (-10 - -10 - -8)?
4
Evaluate -6 + (-5 - -6) + (-4 - -7).
-2
3 + (-3 + -5 + 4 - -1)
0
What is the value of -5 + 18 + -3 + -7 + -1?
2
Calculate -1 + 1 - (-16 - -19).
-3
Evaluate -1 + (3 - -7) - 4.
5
What is the value of -18 + 21 + (-1 - -1)?
3
What is the value of -1 + -3 + -4 + 3?
-5
3 + -4 + -2 + 1 - -2
0
4 - (5 - (-2 - -6)) - 7
-4
Calculate (-2 - -3) + 0 + 1.
2
-3 - (-4 + 1 - (-19 - -19))
0
4 - (7 + (-6 - 1))
4
What is (-1 - (-5 + 3)) + 0 + 3?
4
Evaluate 4 - ((-3 + 3 - 0) + 0).
4
2 + (-6 - -1) - (-2 - -4)
-5
Evaluate (1 - 5 - -2) + 3.
1
Evaluate (2 - -5 - 0) + -4.
3
Calculate (-24 - -20) + (8 - 1).
3
Calculate -10 - -1 - (-19 + (22 - 9)).
-3
Evaluate (-4 - -4) + 1 - (0 - 4).
5
3 + (3 - -1) + -6
1
-2 + 1 + (0 - -3) + -5
-3
What is -10 + (10 - -10) - (6 + 0)?
4
What is the value of -3 + 5 + 1 + (-4 - -6)?
5
What is the value of -9 - -11 - 5 - (-15 + 3)?
9
-10 - -5 - (5 - 3)
-7
Calculate 10 - (12 - (1 - -8)).
7
4 + (6 - (9 + 1)) + 4
4
(-5 - -7) + (-2 - -2)
2
What is the value of 4 + (-2 - -2) + -4?
0
Calculate -3 + 6 - -2 - 3.
2
Evaluate (32 - 30) + (-1 - 1).
0
What is 1 - 12 - (56 + -62)?
-5
(38 - 29) + (-5 - 0)
4
Calculate -1 + -5 - -3 - -2.
-1
45 + -42 + 1 + -5
-1
What is -12 + 1 + 18 + 2?
9
Evaluate -9 + (2 - -2 - 0 - -2).
-3
Calculate 5 + (-1 - (5 - 1) - -3).
3
What is 0 - (-10 + 7 - (-2 + -4))?
-3
(-3 - (-6 - (6 - 7))) + 3
5
What is the value of 3 - (4 + -2 + -4 + 3)?
2
What is the value of 3 + 2 + (2 - 0 - 6)?
1
What is the value of -4 - -3 - (3 + -1)?
-3
Calculate (-7 - 0) + -2 + 7.
-2
Evaluate (-1 - -1) + 9 + (-158 - -154).
5
Evaluate (-2 - -2) + 1 + (-3 - 0).
-2
-1 - (0 + 2 + (-2 - -3))
-4
Evaluate -4 - (-4 - -3) - 2.
-5
4 + -7 + -4 - 0 - -12
5
What is the value of 13 - 2 - (-22 - -28)?
5
-9 - (-5 + 4 + 5 + -8)
-5
What is the value of (-3 - -1 - 2) + 5?
1
What is -13 + 5 - (-4 + 3 + -3)?
-4
What is (4 - 3) + 2 + (-6 - -1)?
-2
Calculate -10 - (-7 - (-1 - 0)).
-4
Calculate 0 + 1 + -7 + 2 + 4.
0
(-4 - 0) + 6 - 5
-3
Evaluate (-21 - -20) + (0 - (2 + -7)).
4
Evaluate 0 + -2 + 0 + -1 + 4.
1
Evaluate (-6 - (1 + -4)) + (-8 - -15).
4
What is (0 - -4) + -6 + (4 - 8)?
-6
What is the value of (43 - 42) + (1 - (-1 - 3))?
6
What is the value of (4 - 1) + -14 + 12?
1
Evaluate -4 - -11 - (6 + 1 + 2).
-2
What is 0 - -2 - -6 - (-4 - -7)?
5
Calculate 3 + 5 + 0 + -14 + 0.
-6
Calculate 2 + (-1 - -7) + -9.
-1
Evaluate 2 - (2 + 5 - (-2 - -2)).
-5
Calculate 3 + (2 - -4) + -6.
3
(0 - 0) + -4 - (1 + -6)
1
(-8 - -17) + 0 + -9
0
-3 - (-3 + -3) - 7 - -1
-3
Calculate 7 - (8 + -2 + -2).
3
Calculate -3 + -5 - -4 - -2.
-2
What is the value of -5 - 0 - -4 - -3?
2
5 - ((4 - 3) + 3)
1
Calculate (-10 - (-4 - 11)) + -13.
-8
What is 4 + (0 - (3 - 2)) + 2?
5
Evaluate (-10 - (-6 + 0)) + 0.
-4
Evaluate -1 + 1 - (1 - 2 - -1).
0
-2 + -1 - (-7 - -8)
-4
Evaluate 0 + 3 - (0 + -1 + 8).
-4
What is the value of 4 + (-10 - -10 - (3 - 0))?
1
Evaluate -4 - (2 + 0 - 4).
-2
Evaluate -12 - (6 + -1 - 14).
-3
What is the value of (-15 - -8) + 4 + 2?
-1
What is the value of 6 + 0 + -3 + (20 - 18)?
5
Evaluate 0 + -1 + -4 + 8.
3
Evaluate 11 + -7 + 5 + -5.
4
Evaluate -1 + 1 - 4 - (108 + -113).
1
6 + -1 + -3 + -1 - -2
3
-10 + (2 - -15) + -11
-4
What is the value of 2 + -5 + -1 + 2?
-2
Evaluate 4 - ((-4 - -8) + -3).
3
What is the value of 6 + (2 - (-1 - -5))?
4
Evaluate 10 - (8 + (6 - 13)).
9
What is 3 + (1 + 0 - -1 - 3)?
2
What is the value of -14 - -3 - (-38 - -35)?
-8
What is the value of (2 - 2) + 1 - (-4 - 0)?
5
What is the value of 0 + -5 + 13 + -5 + -2?
1
What is 1 - 3 - (-1 + 0)?
-1
What is -5 - (-5 + -1) - 2 - -1?
0
2 + 13 - 7 - 6
2
Calculate 0 - (1 - -2) - (13 + -13).
-3
Calculate 6 + (-1 - 2) + -3.
0
Calculate 3 + -1 + (-5 - (-1 + 3)).
-5
-1 + (1 - 1) - 1
-2
Evaluate 0 + 0 + -3 + 4.
1
What is 2 - (0 - (1 - -2))?
5
What is the value of -20 + 7 + 14 + 0 + 1?
2
What is 2 + 10 - (17 - -3)?
-8
(-1 - (2 - 5)) + -8
-6
Calculate (7 - 15) + (-1 - -6) + 9.
6
0 + 3 + -1 + -2 + -1
-1
What is -3 + 0 - (5 + -14)?
6
What is the value of 7 - (-3 + 7 + 2)?
1
Evaluate 6 - (7 + -3 + 6).
-4
What is the value of -4 + (1 - (3 - 1))?
-5
What is the value of 1 + -1 + -3 + -22 + 24?
-1
What is the value of (-1 - (-5 + 4)) + (5 - 